1
Evaluate -12 + 8 + 10 - 0.
6
Evaluate 23 + 28 + -18 + -17.
16
What is -24 + (-26 - (-36 - -1))?
-15
Evaluate -15 + (1 + -1 - (41 + -44)).
-12
What is the value of -4 + (-6 - 0) - (2 + 2 + -4)?
-10
Evaluate 13 + (-15 - -7) + -23.
-18
What is -2 + 0 - -18 - (-19 + 12 - -13)?
10
What is the value of (-23 - 1) + 11 + 14 + -25 + 4?
-20
Evaluate 12 - (2 - (2 - 7) - -1).
4
Calculate -2 + 4 + 4 + (4 - 10) + -9.
-9
Evaluate (-15 - -23 - (-10 + -9)) + (5 - -2).
34
-1 - 1 - (4 + (-1 - 1) + -3)
-1
-11 + -3 + -6 + 29
9
0 + 6 - (2 + 12 - 8) - -11
11
(17 + -1 - 21) + (1 - 15) - -1
-18
Evaluate -10 + 4 - (-17 + -3 + 5).
9
What is 7 - (20 - 13 - 9)?
9
Evaluate 2 - 3 - -2 - (35 - 32 - 4).
2
Calculate 41 + -43 + (2 - -1) + -3 + 11.
9
Evaluate (13 - (-1 + 13)) + 10.
11
What is (0 - -19) + (-25 - -95) + -67?
22
What is (-1 - 1) + (-40 - (-56 + 22))?
-8
What is the value of (-1 - -3) + 20 + (3 - (4 + -5))?
26
What is the value of 16 - (-27 - -55 - 24)?
12
What is the value of (-8 + 2 - (-20 + 23)) + (15 - -1)?
7
What is the value of -24 + -32 + 8 + 36?
-12
What is -16 + 34 + 0 - 31?
-13
Calculate (0 - -10 - (-14 - -28 - -7)) + -10.
-21
What is 52 + -12 + -4 + -71?
-35
-28 - (-22 + 41 + -57)
10
-18 + (-9 - -25) - -2
0
What is 22 + -1 + 19 + -14 + -10?
16
Evaluate 1 + -2 + (-6 + -3 - -4).
-6
Evaluate (-7 - 5) + 12 - 13.
-13
Evaluate -1 + 0 - (61 - 60) - (-1 + 2).
-3
What is -1 - (-3 - 12 - (2 + (-5 - -1)))?
12
4 + (6 + -4 - 2) - (3 - -11)
-10
What is -6 + 16 + -2 + 3 + -5 - 5?
1
What is 21 + -1 - (1 - (15 + -27))?
7
What is the value of (-6 - -9) + -17 + -1 + 7?
-8
(-53 - -33 - -7) + (0 - -1) + -1
-13
What is (-3 - -3) + (-2 - -11 - 5) - -11?
15
What is the value of 9 - 1 - 2 - (95 - 41 - 21)?
-27
Calculate -6 - ((-2 - 13 - 17) + -11).
37
What is (-7 - (9 - 43)) + -20?
7
What is the value of -22 + (-11 - -24) + 0 + -18?
-27
Calculate 61 + -66 + 8 + -1.
2
What is the value of (-4 - 13) + -20 - -21?
-16
(5 - -1) + (105 - 106) + 8
13
Evaluate (-6 - (2 - (0 - -9))) + 7 + -4.
4
(286 - 273) + -2 + 0 + 4
15
Calculate 0 - ((48 - 65) + (1 - -9)).
7
What is the value of (7 - (-3 - -5)) + 27 - (1 + 6)?
25
-3 + (0 - -9) + -7 - 7
-8
259 + -258 - (2 - 5 - 7)
11
Evaluate (21 - 8) + (1 - 21).
-7
What is ((1 - 5) + 10 - (-1 + -6)) + 5?
18
Calculate -3 + 9 + -5 - (0 + 4).
-3
What is 1 - (-1 + -14 + 11)?
5
Evaluate -14 + 5 + (-2 + -5 - -16) + -6.
-6
What is (6 - -6 - (-1 - -17)) + 36 + 5?
37
Calculate 0 + -7 + (8 - -3) - 0.
4
What is -1 - (1 + -5) - (-46 + 45)?
4
Calculate -2 - (2 + -4) - 3.
-3
Calculate (50 - 27) + 1 + -16.
8
Evaluate 2 + (7 - -4) + (6 - -7 - 17).
9
What is -1 - (2 - 5 - 7) - 4?
5
Calculate -4 - (11 + -20 - (-6 + 3)).
2
Evaluate -1 - ((-117 - -104) + (-2 - (-1 - 8))).
5
(168 - 200) + 26 + 1
-5
Calculate 6 + -14 + 12 + -21 - -50.
33
What is the value of (14 + -12 - -8 - (34 - 0)) + 1?
-23
Evaluate 20 - (-11 + 21 - -13).
-3
-2 + -3 + 1 + -8 + (-2 - -3)
-11
Evaluate -8 + (-4 + -11 + 10 - -22) + -35.
-26
Calculate (-16 - -32) + -14 + -5.
-3
What is -2 - -6 - ((-11 - -11) + -2)?
6
What is 1 - (-14 - 5) - (3 + -11 + 11)?
17
(-3 - 6 - 8) + 14
-3
What is (-108 - -116) + (-1 - 2 - (-11 - -4))?
12
Calculate 2 - 4 - (-1 - (7 + -3 + -2)).
1
What is the value of -42 + (19 - -78) + -40?
15
Evaluate (-10 - (9 - 9)) + -12 - (-2 - 4).
-16
What is the value of (-2 - -1) + -16 + 9 + -5 + -1?
-14
1 + -13 - (-164 - -143) - 4
5
What is 0 + 1 + -5 + (208 - 216)?
-12
What is 3 + 1 - -7 - (31 + -17)?
-3
Evaluate (-8 + 8 - 8) + 8.
0
Calculate -54 + -28 + 52 + -3.
-33
-24 + (-7 - -18) + 19
6
Calculate -6 + 12 + 11 + -16 + (-14 - -2).
-11
Evaluate 2 + 10 + 27 + -27 - -3.
15
What is the value of (-11 + -3 - -10) + (-5 - 0) + 0?
-9
What is the value of (2 - 5) + 4 + (14 - 10)?
5
What is 24 + (0 - -2) + -4 + 3?
25
Evaluate (4 - -3) + (-11 - 1 - -4).
-1
Calculate (18 + 8 + -2 - (8 + -1)) + -2.
15
What is -4 + (63 - 40 - (0 + 6) - 3)?
10
-18 + 29 - -1 - 26
-14
What is the value of 65 + -58 + 11 - (-2 - -38)?
-18
What is the value of -17 + (2 - -2) + 9?
-4
4 + (3 - 16) + 17
8
0 + (-4 - (10 + -6 + 2 + -10))
0
What is -42 + 2 + (54 + -19 - 23)?
-28
(1 + 4 - 4) + (3 - (-1 + -2))
7
Calculate -1 - (-15 + (-15 - -51)).
-22
Calculate (-5 - -28) + (193 - 204).
12
Calculate -6 + ((-3 - -5) + 4 - (-4 + 13)).
-9
Evaluate 1 + -17 + 187 + -168.
3
What is 8 - (-8 + 0 + (10 - 2) + -7)?
15
What is the value of -7 + 3 - (-63 - -40)?
19
Evaluate 18 - 0 - (-65 - -76) - -22 - -3.
32
Calculate -16 + 18 + 7 - (0 + 2).
7
What is 16 + 2 + (12 - 39)?
-9
Evaluate -8 + 13 - (14 + 2).
-11
Calculate 9 + (13 - -5) + 20 + -11.
36
3 + (-8 - -4) + -4 + 3 + 3
1
-19 + -14 + 34 - (3 + 1 + 0)
-3
7 - (20 + -10 - 3)
0
Calculate (7 + -4 - 3) + 27 + -16 + -23.
-12
Calculate 10 - (-13 - (-5 - (10 - -38))).
-30
Evaluate -19 + (-18 - -19) + 28.
10
What is -1 - (-7 - (1 - (-4 - -5) - 23))?
-17
Calculate 12 + (-1 + (1 - -2) - (-17 + 21)).
10
Calculate -189 - -205 - (1 - 10).
25
What is the value of (1 + 8 - (6 + 3)) + -18?
-18
What is the value of (18 - 11) + -1 + 1 - (27 + -2)?
-18
-15 - ((5 - 8) + 3 + 0) - 0
-15
13 + (-15 - -14) - -3
15
Calculate -3 + -16 - -13 - (-10 - (-2 + 2)).
4
Evaluate (-1 - -7) + -14 - (-44 - -62).
-26
Evaluate (4 - 7) + (-1 + 3 - (8 + -15)).
6
-13 + (15 - 3) + -11
-12
Calculate 0 - (2 - 2) - 0 - (137 - 143).
6
-26 + 1 + -799 + 835
11
10 + (-7 - 0) + -1
2
What is the value of -1 + -55 - (-257 + 216)?
-15
Calculate 1 - -1 - (2 - (7 - -5)).
12
Calculate (-22 - -12) + 4 + (10 + 1 - -1).
6
What is (3 - (4 + 3)) + 2 + 15?
13
Evaluate -4 - (-10 - (10 + -10 + -16)).
-10
What is 0 + (12 + -9 - -1) + -4?
0
Calculate -3 - -41 - 4 - (-8 + (10 - -7)).
25
Evaluate 2 + -3 + 2 + -3 + (-22 - -24).
0
(-2 - -1) + 4 + -5 + 14 + -17
-5
What is -8 - (-12 + 10 - -10)?
-16
Evaluate 1 + -2 - -5 - (-100 - -110).
-6
What is 8 + (-27 - (9 + -13))?
-15
What is 2 - -10 - (-9 - (23 + -37))?
7
What is the value of -25 + (-13 - -37) + -13 + -5?
-19
10 + (16 + 25 - (2 + 10))
39
1 + 4 + -7 - (-28 + 14) - 29
-17
-105 + 105 + (3 - 15)
-12
What is 706 + -672 + (2 - 24)?
12
What is the value of 40 - (45 + -39 + 32)?
2
What is the value of 2 - (-19 + (0 - (-1 + 2 - 6)))?
16
What is (-8 - -15) + (3 - (-2 + 3 + -5))?
14
-3 + 11 - (-14 + -2 - -17)
7
Evaluate (-15 + -20 - -1) + 14 - (2 - 3).
-19
What is the value of 3 - (13 - 13) - (1 + -9)?
11
Calculate (9 - (38 - 37)) + -23.
-15
Calculate -1 - 22 - (8 + -11 - 8).
-12
What is the value of 11 + -36 - -22 - (2 + -4 - -18)?
-19
What is the value of (-16 + 6 - (-4 + 5)) + (76 - 43)?
22
Evaluate -4 + -3 + (2 - (-9 + 4)).
0
Evaluate (-243 - -230) + (6 - 19).
-26
What is the value of 79 + -89 - (-2 - 3)?
-5
What is the value of 2 + 11 + -5 + 0 + (-26 - -25)?
7
Evaluate -1 - (-3 + 11 + -28).
19
Evaluate -13 + (24 - 27 - -2).
-14
13 - (14 + -31 - -25)
5
Calculate 7 - ((9 - -4) + 7 + -2).
-11
What is -4 - (8 - 19) - (22 - 2)?
-13
What is -13 - (10 - (-4 + 7) - 12)?
-8
Calculate 16 - (4 + -10 - -17).
5
Calculate (0 - 0) + 0 - (88 + (-40 - 33)).
-15
Calculate 413 + -438 + (33 - 2).
6
Evaluate -13 + 18 + 15 + -16 + (0 - -15).
19
Calculate 10 + -2 + -8 + 12 + -24.
-12
Calculate (38 + -13 - 13) + -8 + 0.
4
What is the value of 17 - (-52 + -10 - -39)?
40
Evaluate -2 + -1 - (-24 + 6).
15
What is the value of -5 + (32 - (4 + 11))?
12
What is the value of 3 + -11 - (-15 - (-10 + -13))?
-16
What is the value of 6 + (-4 - -4) + 3 + (-1 - 1)?
7
What is the value of 3 - (9 + 1) - (2 + -12)?
3
Calculate -43 + (-71 - -81) + (-4 - -2 - 3).
-38
What is the value of (-70 - (-30 + -1)) + 28?
-11
Evaluate 46 - (4 + -24 - -36).
30
-23 + 17 + 11 - (3 + -1)
3
Calculate 31 - 27 - ((-3 - 0) + (-7 - -44)).
-30
11 - (-1 + 0 + -8 - -8)
12
Evaluate -44 - -6 - -2 - (-99 - -83).
-20
Evaluate 7 + 3 - (-32 - -29 - (-1 - 9)).
3
What is the value of 17 + (-11 - (-6 + 0))?
12
Evaluate -19 - -8 - (-10 + 18).
-19
What is 1 - 1 - (21 + -6) - -11?
-4
What is -9 + (-11 - (3 - 27))?
4
Evaluate -21 - -29 - 23 - -28.
13
Evaluate 22 + (8 - 21) - (-2 - (-16 - 3)).
-8
Evaluate (-193 - -200) + (-1 - -19) + 2.
27
What is the value of 16 + (-1 - (-5 + -4 + 1) - 7)?
16
-6 + -4 + 21 + -17 - (19 - 0)
-25
(4 - 1) + (1 - 1) + -73 + 77
7
Evaluate 16 + -25 - (3 + -14).
2
Calculate -40 + (-27 - -57) - 0.
-10
What is the value of -22 + 12 + 5 + 3 + (3 - 2)?
-1
What is the 